= -y**2 - 11. Let n(c) = -6*h(c) + 11*r(c). Calculate the remainder when n(-6) is divided by 22.
19
Suppose -19*l = -9286 - 6370. What is the remainder when l is divided by 59?
57
Suppose 97 = l - 106*z + 101*z, 204 = 2*l - 5*z. Calculate the remainder when 1280 is divided by l.
103
Let w(i) = i**3 + 2*i. Let u be (-119)/(-28) - 2/8. Let p be w(u). Suppose -2*j - 3 = -f - 7*j, -5*j + p = 4*f. Calculate the remainder when 89 is divided by f.
20
Let d(a) = 3*a**2 - a - 7. Let s = -62 + 95. What is the remainder when d(5) is divided by s?
30
Suppose 5*k = -2*y + 257, -4*k = 2*y + 3*y - 209. Calculate the remainder when k is divided by 46.
5
Let h(j) = -j + 6. Let b be h(7). Let c = 5 - b. What is the remainder when 150/4*c/9 is divided by 14?
11
Let w(x) = -x**3 + 12*x**2 - 21*x - 9. Suppose g = 2*g - 9. What is the remainder when w(g) is divided by 6/(18/8 - 2)?
21
Suppose 3 = -3*a + 21. Let h be 2/(-11) + 399/77. Suppose -5*g - h*r = 0, r - 3 = g - 7. What is the remainder when a is divided by g?
0
Suppose -57*n = -324 - 678 + 204. Suppose 9 + 29 = i. What is the remainder when i is divided by n?
10
Suppose 3*h - 48 = -3*s, 28 = s + 7*h - 3*h. Suppose 0 = 176*t - 288*t + 7728. Calculate the remainder when t is divided by s.
9
Calculate the remainder when (-1084)/(-2) - (-12)/6 is divided by 61.
56
Suppose v = 5*v - 8. Calculate the remainder when (170/20)/(v/8) is divided by 1/(1/((-36)/4*-1)).
7
Suppose -13*f = -12*f + 4. Suppose 1 = -h + 8. What is the remainder when (f/6)/((-2)/186) is divided by h?
6
Let i(a) = 4 - 5*a + 0*a**2 - a**2 + 3*a. Let b be i(-3). Calculate the remainder when 40 is divided by 1 - ((b - 3) + -11).
12
Let p(o) = 4*o + 338. Calculate the remainder when p(-48) is divided by 37.
35
Suppose 4*o = 20 - 0. Suppose 4*s = 2*d + 100, 3*d - 5*d + 84 = 4*s. What is the remainder when s is divided by o?
3
Let n(d) = -d**2 + 2*d + 1075. Let o(h) = -h + 24. What is the remainder when n(-30) is divided by o(0)?
19
Suppose 4*x + 20 = 0, 2*s + 0*x + 3*x = -71. Let m = s - -41. Let l = 2 + m. Calculate the remainder when l is divided by 9.
6
Suppose 7*f = 2*f - 130. Calculate the remainder when (f/8)/(1/(-8)) is divided by ((-6)/2)/((-3)/14).
12
Suppose 58*l - 7434 = -5*l. What is the remainder when l is divided by 81?
37
Suppose -6*y + 4*y - 20 = 0. Let k be ((-48)/40)/(3/y). Suppose 0 = 5*n + 5*m - 80, k*n - 88 = -0*n + 4*m. Calculate the remainder when 73 is divided by n.
16
Let v(a) = 2*a + 1. Suppose 8*i - 140 = 3*i - 4*x, -5*x = 25. What is the remainder when i is divided by v(5)?
10
Let i = 142 + -136. Calculate the remainder when 13/(78/(-4)) - (-424)/i is divided by 24.
22
Let y(c) = c**2 + 31*c + 274. Calculate the remainder when 682 is divided by y(-14).
34
Suppose 957 = 18*d + 705. Calculate the remainder when 69 is divided by d.
13
Suppose 438 = 4*x - 58. Let h = x - 92. Calculate the remainder when ((-62)/4)/((-2)/12) is divided by h.
29
Suppose 178 = 4*x - 358. Let r = x + -69. What is the remainder when r is divided by 17?
14
Suppose -5*u = -13*u + 1976. Suppose -5*c - 37 = -u. Calculate the remainder when c is divided by 9.
6
Let j = 366 + -361. What is the remainder when 37 is divided by j?
2
Suppose -3*y - z = 3, -2*z - z = -3*y + 9. Suppose -3*m + 0*m + 85 = -2*g, y = 5*m - 4*g - 145. What is the remainder when m is divided by 12/18 + -111*7/(-63)?
12
Suppose 421 = 5*w + 3*r, 3*w + 2*r = 4*w - 79. What is the remainder when 163 is divided by w?
80
Let o(q) = 6*q**3 - 2*q**2 + 3*q - 2. Let n be o(1). Suppose n*r = -143 - 492. Let a = -82 - r. Calculate the remainder when a is divided by 16.
13
Suppose -8*f = -424 - 240. Let y = -25 + f. Calculate the remainder when y is divided by 10.
8
Let h(f) = f - 2. Let j be h(6). Let y = j - 0. Calculate the remainder when ((-30)/y)/((-6)/8) is divided by 4.
2
Let g = 2 - -4. Let i = -13 - -20. Suppose 0 = 4*u + o - i, 5*u - 4*o - 14 = -0*o. Calculate the remainder when g is divided by u.
0
Let q(r) = 97*r + 9. What is the remainder when 26 is divided by q(0)?
8
Let p = -372 - -1026. Let t be (-30)/195 + p/26. Let b = t + -20. Calculate the remainder when 8 is divided by b.
3
Let f(u) = -u**3 - 6*u**2 - 2*u - 7. Let g be f(-3). Let b = g - -37. Calculate the remainder when 13 is divided by b.
4
Let l = 3 - -108. What is the remainder when l is divided by 14?
13
Suppose 2*o + 4*h = 106, -o - h + 130 = 80. Calculate the remainder when 419 is divided by o.
43
What is the remainder when 213 is divided by 1732/40 - 15/50?
41
Let r = 324 + -198. Suppose -49 = -w + 4*p, 2*w - 11*p = -8*p + 83. Calculate the remainder when r is divided by w.
15
Calculate the remainder when (-4 - (-100)/10) + 11 is divided by 7.
3
Let d = -458 - -535. Calculate the remainder when d is divided by 35.
7
Let i(t) = t + 6. Let j be i(-1). Suppose 0 = j*z - 6*z + g - 3, 1 = 3*z - g. Calculate the remainder when 3 is divided by z.
1
Suppose 210 = -24*k + 29*k. Let m = 133 + -73. Suppose m = 4*y - 0*y. What is the remainder when k is divided by y?
12
Suppose -10*l - 38 = -228. Suppose 5*p + 6 + l = 0, -20 = -5*z - p. Calculate the remainder when 7 is divided by z.
2
Let b = -9 - -11. Suppose -b*f - 5*w = -62, w + 3 = 5. Calculate the remainder when 155 is divided by f.
25
Calculate the remainder when -6*2/(-3) - -50 is divided by 3.
0
Let u(s) = s**3 - 31*s**2 + 6*s + 45. What is the remainder when u(31) is divided by 16?
7
Let k(c) = c**2 - 17*c - 85. What is the remainder when k(23) is divided by 1 + 18 + 3 + -3?
15
Let m be (-1701)/108 - (-6)/8. Let h = 30 - 12. Let u = m + h. Calculate the remainder when 3 is divided by u.
0
Let f(p) = p**2 - p. Let c(v) = -6*v**2 + 16*v + 7. Let z(s) = c(s) + 5*f(s). Let x be z(10). Let a = x + -8. What is the remainder when 25 is divided by a?
7
What is the remainder when 139 is divided by -1 + (-8 - (-484)/11)?
34
Let v(m) = m**2 - 7*m + 20. Suppose -2*j + 26 = -0*j. Calculate the remainder when v(7) is divided by j.
7
Suppose -5*r - 99 = -3*b - 314, 5*b - 71 = -r. Let y = r - 39. What is the remainder when 0 + (0 - (-26)/2) is divided by y?
6
Suppose 0 = 4*k - 4*r + 20, -5*k + r - 5 = -0*k. Let h = 4 + k. Let n(i) = -32*i + 1006. Calculate the remainder when n(31) is divided by h.
2
Suppose -5*q + 509 = 4*y, -3*q = -5*y + 222 - 557. Calculate the remainder when q is divided by 0 + 5 + 31/1.
33
Let n be 111/6 + 2/4. Let z = -17 + n. Suppose -d - 4*d = 5*o - 170, -z*d = -o - 68. What is the remainder when d is divided by 18?
16
Let t(j) = j**3 + 3. Let k(a) = a - 2. Let v be k(2). Let x be t(v). Suppose x*d = 10 + 35. Calculate the remainder when 57 is divided by d.
12
Let x(f) = f**3 - 5*f**2 + 7*f - 7. Let r be 8/(-28) + 2715/21. Let g = r + -48. Calculate the remainder when g is divided by x(5).
25
Let d = 1034 - 991. Let m = 45 - 19. What is the remainder when d is divided by m?
17
Suppose -3*q + 74 + 106 = 0. Let d(f) = f**3 + 5*f**2 - 2*f - 10. Let g be d(-5). Suppose -3*y = -g*y - q. Calculate the remainder when 38 is divided by y.
18
Let f = 5 + -3. Suppose -o + f*o = 8. What is the remainder when (-700)/(-24) + 1/(-6) is divided by o?
5
Let r(g) = g**3 - 5*g**2 + 11*g - 3. Calculate the remainder when r(5) is divided by 42.
10
Suppose a + 3*a + 5*g = 36, 0 = 5*a + g - 24. Suppose -3*n = -a*n + 60. Calculate the remainder when n is divided by 16.
12
Let f = 30 + -5. Let x(v) = v**2 - 10*v + 5. Let l(a) = -a**2 + 1. Let n(p) = 2*l(p) + x(p). What is the remainder when f is divided by n(-10)?
4
Calculate the remainder when 33 is divided by (-60)/24*(0 + -4).
3
Let r(k) = -2*k**2 + 80*k - 39. What is the remainder when r(39) is divided by (18/(-8))/((-6)/16)?
3
Suppose -49*c - 154 = -56*c. Calculate the remainder when 169 is divided by c.
15
Let f = 1249 + -1185. Let i(d) = -d**3 - 6*d**2 - 8*d - 4. What is the remainder when f is divided by i(-5)?
9
Suppose 15*y + 99 = 12*y. Let b = -22 - y. Calculate the remainder when 62 is divided by b.
7
Suppose -6*q = -75 - 39. Suppose 0 = -2*j - 3*j + 460. What is the remainder when j is divided by q?
16
Let g = 15 - 11. Let k = -2 - -5. Suppose -k*d - 11 = -g*d. Calculate the remainder when d is divided by 4.
3
Calculate the remainder when 32 + -3*(-30)/(-18) is divided by 8.
3
Let s be (-3 + 24*-8)*-1. Suppose s - 59